0 and 57488?
16
Calculate the greatest common factor of 80156982 and 25158.
3594
What is the greatest common factor of 95472 and 840293?
17
Calculate the greatest common factor of 3793773 and 5307.
183
What is the highest common factor of 24 and 101519412?
12
What is the greatest common divisor of 1789488 and 319920?
2064
Calculate the greatest common divisor of 29 and 4901087.
29
What is the highest common factor of 2753434 and 445730?
1682
What is the highest common divisor of 13322554 and 5664?
118
Calculate the greatest common divisor of 168260 and 130190.
470
What is the highest common divisor of 2328870 and 3725?
745
Calculate the highest common divisor of 1498275 and 1575.
225
What is the highest common factor of 254985225 and 125?
25
What is the highest common divisor of 188 and 17428634?
94
What is the greatest common divisor of 2886192 and 13056?
816
What is the greatest common factor of 1 and 44130869?
1
What is the greatest common factor of 2331940 and 104?
52
Calculate the greatest common factor of 96105984 and 4368.
624
Calculate the greatest common factor of 48253287 and 23.
23
What is the highest common divisor of 11664 and 94672?
16
Calculate the greatest common divisor of 188272 and 52312.
8
Calculate the greatest common factor of 238208937 and 869.
79
What is the highest common factor of 200969678 and 2548?
1274
What is the highest common factor of 126750 and 13104?
78
Calculate the greatest common factor of 910804 and 193148.
436
Calculate the highest common divisor of 128911 and 18751.
17
Calculate the highest common divisor of 436 and 1265036.
4
Calculate the highest common factor of 721149 and 748.
11
Calculate the highest common divisor of 2354 and 3564598.
214
Calculate the greatest common divisor of 341 and 432652957.
341
Calculate the greatest common factor of 1826 and 46838.
22
Calculate the highest common factor of 23134432 and 18600.
248
What is the greatest common factor of 343997706 and 1196?
598
Calculate the highest common factor of 748 and 187523732.
44
What is the greatest common factor of 561 and 24059805?
33
Calculate the highest common factor of 7931 and 5186153.
721
Calculate the greatest common factor of 270 and 3276882.
54
Calculate the highest common divisor of 149396 and 440708.
68
What is the highest common factor of 690 and 2066182?
46
What is the greatest common factor of 18520 and 186280?
40
Calculate the greatest common divisor of 7389 and 1981894.
821
What is the highest common factor of 39489984 and 216?
216
Calculate the greatest common factor of 1932030 and 12360.
30
Calculate the greatest common divisor of 680 and 38067400.
40
What is the highest common divisor of 49993174 and 1309?
77
Calculate the greatest common factor of 3523566 and 70512.
678
What is the greatest common divisor of 191595945 and 2724?
681
Calculate the highest common factor of 337575 and 4429425.
525
Calculate the greatest common divisor of 1112084 and 2132.
164
What is the highest common divisor of 5038 and 37050826?
458
What is the greatest common factor of 965404 and 2004340?
2372
Calculate the greatest common divisor of 76727504 and 232.
232
What is the greatest common factor of 5027645 and 1715?
245
Calculate the highest common factor of 8727882 and 7482.
258
Calculate the greatest common factor of 9716 and 162596.
28
What is the highest common factor of 270972200 and 16100?
2300
What is the greatest common factor of 1135098 and 20862?
342
What is the greatest common factor of 1694633 and 391309?
1559
What is the greatest common factor of 118916006 and 298?
298
Calculate the highest common factor of 1252 and 22002961.
313
What is the greatest common divisor of 2091702 and 18?
6
Calculate the greatest common factor of 390 and 721095.
15
What is the highest common divisor of 16 and 12558636?
4
What is the highest common divisor of 40 and 26183224?
8
Calculate the highest common factor of 3633 and 18454429.
1211
What is the highest common divisor of 2272812 and 564?
12
What is the greatest common factor of 140851477 and 221?
221
Calculate the greatest common divisor of 141265 and 411899.
1487
Calculate the greatest common divisor of 8348 and 440778574.
4174
Calculate the highest common divisor of 407 and 60798437.
37
What is the highest common divisor of 34520746 and 4186?
598
What is the highest common factor of 1541 and 156101?
23
What is the highest common factor of 142364996 and 424?
212
What is the greatest common divisor of 1168 and 278874892?
292
What is the highest common divisor of 963 and 53158563?
963
What is the highest common factor of 523172840 and 40?
40
Calculate the greatest common divisor of 2912697 and 138.
69
Calculate the greatest common factor of 14960 and 47957272.
1496
What is the highest common divisor of 1378420 and 8880?
20
What is the highest common factor of 18 and 424101546?
18
Calculate the greatest common factor of 9503235 and 153.
9
What is the greatest common divisor of 16 and 945158400?
16
What is the greatest common divisor of 2152040 and 1980?
220
What is the highest common divisor of 188 and 32328?
4
Calculate the greatest common factor of 73424 and 7842601.
4589
What is the highest common divisor of 89946038 and 14079?
4693
What is the greatest common factor of 1014486 and 399?
57
Calculate the highest common factor of 153611 and 17.
1
What is the greatest common divisor of 6938700 and 165?
15
What is the greatest common divisor of 3245712 and 688?
16
What is the highest common factor of 8572477 and 76?
19
Calculate the highest common divisor of 304 and 288216.
8
What is the greatest common divisor of 4 and 746399132?
4
What is the greatest common divisor of 990 and 153410730?
330
Calculate the greatest common factor of 7395615 and 20115.
6705
What is the highest common factor of 184216769 and 11?
11
Calculate the highest common factor of 82267133 and 26.
13
What is the highest common factor of 903 and 1220037?
21
What is the highest common factor of 21956 and 432388?
44
Calculate the greatest common divisor of 145 and 15526948.
29
Calculate the highest common divisor of 3130919441 and 13.
13
What is the greatest common factor of 159 and 514779?
3
Calculate the greatest common divisor of 25614530 and 235.
235
Calculate the highest common divisor of 1224 and 2456704.
136
Calculate the greatest common factor of 73492 and 2134169.
967
What is the greatest common factor of 26109 and 5479989?
2901
Calculate the highest common factor of 2400 and 1183584.
96
What is the greatest common divisor of 136784 and 734384?
1328
What is the highest common factor of 1228879 and 187?
17
Calculate the highest common factor of 181728 and 13404.
12
What is the highest common factor of 125352 and 33876?
36
What is the highest common factor of 280 and 26102510?
70
Calculate the greatest common factor of 4925 and 62193885.
985
What is the highest common divisor of 60354 and 3213?
63
Calculate the highest common factor of 606366 and 29222.
38
What is the highest common divisor of 119062 and 7080?
118
Calculate the greatest common factor of 12862 and 298009.
59
Calculate the greatest common factor of 6003 and 862707.
69
Calculate the greatest common factor of 295 and 108453151.
59
Calculate the highest common factor of 528660 and 22275.
1485
Calculate the greatest common divisor of 3159860 and 424.
212
What is the highest common divisor of 38 and 16999934?
2
Calculate the greatest common factor of 50168163 and 5835.
1167
What is the highest common divisor of 320 and 4093140?
20
What is the highest common divisor of 144984 and 273?
21
Calculate the greatest common divisor of 90 and 695390.
10
Calculate the highest common divisor of 1754 and 3268579.
877
Calculate the highest common factor of 10981121 and 579.
193
Calculate the greatest common factor of 120427552 and 14.
14
Calculate the greatest common divisor of 1030527 and 5434620.
5127
Calculate the highest common divisor of 7504 and 31129728.
112
What is the greatest common factor of 5661 and 22034277?
333
Calculate the highest common factor of 44802 and 20606431.
2489
Calculate the greatest common divisor of 1260 and 113385924.
36
Calculate the greatest common divisor of 893564 and 60536.
1316
Calculate the highest common factor of 463449340 and 